{"id":1358,"date":"2024-03-08T17:19:35","date_gmt":"2024-03-08T17:19:35","guid":{"rendered":"https:\/\/www.aetomazribeiro.net\/wpress\/?page_id=1358"},"modified":"2024-03-25T10:13:51","modified_gmt":"2024-03-25T10:13:51","slug":"concelho-pedagogico","status":"publish","type":"page","link":"https:\/\/www.aetomazribeiro.net\/wpress\/concelho-pedagogico\/","title":{"rendered":"Conselho Pedag\u00f3gico"},"content":{"rendered":"\n<div style=\"height:36px\" aria-hidden=\"true\" class=\"wp-block-spacer\"><\/div>\n\n\n\n<p>Ana Paula Gon\u00e7alves Pereira (Dep. L\u00ednguas Estrangeiras)<\/p>\n\n\n\n<p>Anabela Mendes de Sousa P. Silva Dias (Projetos e Atividades)<\/p>\n\n\n\n<p>Anabela Silva Ferreira (Dep. 1.\u00ba CEB)<\/p>\n\n\n\n<p>Carla Maria Dias Alves (Coordenadora DT \u2013 E. Secund\u00e1rio)<\/p>\n\n\n\n<p>Fernando Sim\u00f5es de Sousa (Dep. Ci\u00eancias Experimentais)<\/p>\n\n\n\n<p>Maria de F\u00e1tima da Rocha Teixeira C. de Carvalho (Dep. EPE)<\/p>\n\n\n\n<p>Jo\u00e3o Manuel Guedes Cordeiro Costa (Coordenador C. Prof.)<\/p>\n\n\n\n<p>Jorge Manuel Vaz Mendes (Dep. Educa\u00e7\u00e3o F\u00edsica)<\/p>\n\n\n\n<p>Jos\u00e9 Jo\u00e3o Beco Pinto Cardoso (Coordenador DT E. B\u00e1sico)<\/p>\n\n\n\n<p>Lu\u00eds Jorge Carmelo dos Santos e Silva (Dep. Matem\u00e1tica)<\/p>\n\n\n\n<p>Germano Sim\u00f5es Lopes (Dep. Tecnologias e Administra\u00e7\u00e3o.)<\/p>\n\n\n\n<p>Maria de Lurdes Dias da Fonseca (Dep. Portugu\u00eas)<\/p>\n\n\n\n<p>Maria Elisa Figueiredo Costa Figueiredo (Coordenadora BE)<\/p>\n\n\n\n<p>Maria Helena Oliveira Silva S\u00e1 (Dep. C. Sociais e Humanas)<\/p>\n\n\n\n<p>Maria Leonor Figueiredo A. Lavadouro (Dep. Express\u00f5es)<\/p>\n\n\n\n<p>Maria Sofia Morgado da Silva (Dep. Ed. Especial)<\/p>\n\n\n\n<div style=\"height:36px\" aria-hidden=\"true\" class=\"wp-block-spacer\"><\/div>\n\n\n\n<p><strong>Elementos convidados:<\/strong><\/p>\n\n\n\n<p>Ant\u00f3nio Manuel Ferreira da Costa (Coord. Est. C. Besteiros)<\/p>\n\n\n\n<p>Fernanda Maria Amaral R. Pereira (Coord. Est. Caramulo)<\/p>\n\r\n<script><\/script>","protected":false},"excerpt":{"rendered":"<p>Ana Paula Gon\u00e7alves Pereira (Dep. L\u00ednguas Estrangeiras) Anabela Mendes de Sousa P. Silva Dias (Projetos e Atividades) Anabela Silva Ferreira [&hellip;]<\/p>\n","protected":false},"author":1,"featured_media":0,"parent":0,"menu_order":0,"comment_status":"closed","ping_status":"closed","template":"","meta":{"_uag_custom_page_level_css":"","site-sidebar-layout":"default","site-content-layout":"","ast-site-content-layout":"default","site-content-style":"default","site-sidebar-style":"default","ast-global-header-display":"","ast-banner-title-visibility":"","ast-main-header-display":"","ast-hfb-above-header-display":"","ast-hfb-below-header-display":"","ast-hfb-mobile-header-display":"","site-post-title":"","ast-breadcrumbs-content":"","ast-featured-img":"","footer-sml-layout":"","ast-disable-related-posts":"","theme-transparent-header-meta":"","adv-header-id-meta":"","stick-header-meta":"","header-above-stick-meta":"","header-main-stick-meta":"","header-below-stick-meta":"","astra-migrate-meta-layouts":"set","ast-page-background-enabled":"default","ast-page-background-meta":{"desktop":{"background-color":"","background-image":"","background-repeat":"repeat","background-position":"center center","background-size":"auto","background-attachment":"scroll","background-type":"","background-media":"","overlay-type":"","overlay-color":"","overlay-opacity":"","overlay-gradient":""},"tablet":{"background-color":"","background-image":"","background-repeat":"repeat","background-position":"center center","background-size":"auto","background-attachment":"scroll","background-type":"","background-media":"","overlay-type":"","overlay-color":"","overlay-opacity":"","overlay-gradient":""},"mobile":{"background-color":"","background-image":"","background-repeat":"repeat","background-position":"center center","background-size":"auto","background-attachment":"scroll","background-type":"","background-media":"","overlay-type":"","overlay-color":"","overlay-opacity":"","overlay-gradient":""}},"ast-content-background-meta":{"desktop":{"background-color":"var(--ast-global-color-5)","background-image":"","background-repeat":"repeat","background-position":"center center","background-size":"auto","background-attachment":"scroll","background-type":"","background-media":"","overlay-type":"","overlay-color":"","overlay-opacity":"","overlay-gradient":""},"tablet":{"background-color":"var(--ast-global-color-5)","background-image":"","background-repeat":"repeat","background-position":"center center","background-size":"auto","background-attachment":"scroll","background-type":"","background-media":"","overlay-type":"","overlay-color":"","overlay-opacity":"","overlay-gradient":""},"mobile":{"background-color":"var(--ast-global-color-5)","background-image":"","background-repeat":"repeat","background-position":"center center","background-size":"auto","background-attachment":"scroll","background-type":"","background-media":"","overlay-type":"","overlay-color":"","overlay-opacity":"","overlay-gradient":""}},"iawp_total_views":430,"footnotes":""},"class_list":["post-1358","page","type-page","status-publish","hentry"],"uagb_featured_image_src":{"full":false,"thumbnail":false,"medium":false,"medium_large":false,"large":false,"1536x1536":false,"2048x2048":false},"uagb_author_info":{"display_name":"admin","author_link":"https:\/\/www.aetomazribeiro.net\/wpress\/author\/admin\/"},"uagb_comment_info":0,"uagb_excerpt":"Ana Paula Gon\u00e7alves Pereira (Dep. L\u00ednguas Estrangeiras) Anabela Mendes de Sousa P. Silva Dias (Projetos e Atividades) Anabela Silva Ferreira [&hellip;]","_links":{"self":[{"href":"https:\/\/www.aetomazribeiro.net\/wpress\/wp-json\/wp\/v2\/pages\/1358","targetHints":{"allow":["GET"]}}],"collection":[{"href":"https:\/\/www.aetomazribeiro.net\/wpress\/wp-json\/wp\/v2\/pages"}],"about":[{"href":"https:\/\/www.aetomazribeiro.net\/wpress\/wp-json\/wp\/v2\/types\/page"}],"author":[{"embeddable":true,"href":"https:\/\/www.aetomazribeiro.net\/wpress\/wp-json\/wp\/v2\/users\/1"}],"replies":[{"embeddable":true,"href":"https:\/\/www.aetomazribeiro.net\/wpress\/wp-json\/wp\/v2\/comments?post=1358"}],"version-history":[{"count":0,"href":"https:\/\/www.aetomazribeiro.net\/wpress\/wp-json\/wp\/v2\/pages\/1358\/revisions"}],"wp:attachment":[{"href":"https:\/\/www.aetomazribeiro.net\/wpress\/wp-json\/wp\/v2\/media?parent=1358"}],"curies":[{"name":"wp","href":"https:\/\/api.w.org\/{rel}","templated":true}]}}